{"id":1376,"date":"2025-10-11T12:19:46","date_gmt":"2025-10-11T12:19:46","guid":{"rendered":"https:\/\/businessdecor.es\/?page_id=1376"},"modified":"2026-03-25T19:20:16","modified_gmt":"2026-03-25T19:20:16","slug":"que-hacemos","status":"publish","type":"page","link":"https:\/\/businessdecor.es\/?page_id=1376","title":{"rendered":"QU\u00c9 HACEMOS"},"content":{"rendered":"\n<h3 class=\"wp-block-heading\"><strong>Consultor\u00eda en DesignOps &#8211; Diagnosticar. Estructurar. Ejecutar la operaci\u00f3n sin aumentar equipo.<\/strong><\/h3>\n\n\n\n<p>Analizo la operaci\u00f3n desde el espacio y la experiencia real, estructuro procesos y establezco una base operativa documentada para asegurar coherencia, mejorar la ejecuci\u00f3n y sostener el nivel del servicio en cada estancia. Aplico esta misma l\u00f3gica en negocios vinculados, como inmobiliarias y estudios de interiorismo, donde la operaci\u00f3n depende de m\u00faltiples tareas y decisiones y requieren una estructura clara.<\/p>\n\n\n\n<div class=\"wp-block-uagb-image uagb-block-0f064eb6 wp-block-uagb-image--layout-default wp-block-uagb-image--effect-static wp-block-uagb-image--align-none\"><figure class=\"wp-block-uagb-image__figure\"><img decoding=\"async\" srcset=\"https:\/\/businessdecor.es\/wp-content\/uploads\/2025\/10\/rodape-site-1024x576.png ,https:\/\/businessdecor.es\/wp-content\/uploads\/2025\/10\/rodape-site.png 780w, https:\/\/businessdecor.es\/wp-content\/uploads\/2025\/10\/rodape-site.png 360w\" sizes=\"auto, (max-width: 480px) 150px\" src=\"https:\/\/businessdecor.es\/wp-content\/uploads\/2025\/10\/rodape-site-1024x576.png\" alt=\"Oficina moderna con escritorio blanco, planta natural y ordenador con logotipo de Business Decor, representando la identidad visual de la consultor\u00eda.\" class=\"uag-image-1414\" width=\"1170\" height=\"643\" title=\"Business Decor \u2013 Consultor\u00eda en DesignOps para estudios creativos\" loading=\"lazy\" role=\"img\"\/><\/figure><\/div>\n\n\n\n<p><\/p>\n\n\n\n<div class=\"wp-block-buttons is-content-justification-center is-layout-flex wp-container-core-buttons-is-layout-a89b3969 wp-block-buttons-is-layout-flex\">\n<div class=\"wp-block-button\"><a class=\"wp-block-button__link wp-element-button\" href=\"https:\/\/forms.gle\/gCPJYRd9ebnWJN2C7\">Ir a la aplicaci\u00f3n <\/a><\/div>\n<\/div>\n\n\n\n<p><strong>1. Diagn\u00f3stico estrat\u00e9gico en DesignOps<\/strong><br>An\u00e1lisis de la operaci\u00f3n, detecci\u00f3n de discrepancias entre lo prometido y lo entregado.<\/p>\n\n\n\n<p><strong>2. Implementaci\u00f3n operativa estructurada<br><\/strong>Ejecuci\u00f3n de la base operativa definida en el diagn\u00f3stico, organizando el trabajo, la informaci\u00f3n y los procesos para sostener una experiencia consistente en cada estancia.<br>Incluye:<br>\u2013 Estructura de gesti\u00f3n de tareas y seguimiento<br>\u2013 Panel operativo de control<br>\u2013 Organizaci\u00f3n documental<br>\u2013 Procedimientos clave documentados (SOPs) para limpieza, reposici\u00f3n y control de calidad<br>Requiere diagn\u00f3stico previo.<\/p>\n\n\n\n<p><strong>3. Sistema de control y consistencia operativa (30 d\u00edas):<\/strong><br>Estructuraci\u00f3n del sistema de control para asegurar que la experiencia definida se ejecute de forma consistente en cada estancia.<br>No se basa en tareas aisladas, sino en la capacidad real de la operaci\u00f3n para sostener est\u00e1ndares de limpieza, preparaci\u00f3n, reposici\u00f3n y control de calidad.<br>Incluye:<br>\u2013 Definici\u00f3n de puntos cr\u00edticos de control en la operaci\u00f3n<br>\u2013 Sistema de seguimiento de tareas clave<br>\u2013 Estructura de control de calidad y verificaci\u00f3n<br>\u2013 Ajustes operativos para mantener consistencia en la experiencia<br>Se desarrolla a partir del diagn\u00f3stico estrat\u00e9gico.<\/p>\n\n\n\n<p><strong>Si la operaci\u00f3n no est\u00e1 estructurada, el primer paso es el diagn\u00f3stico estrat\u00e9gico.<br>Sin este an\u00e1lisis, no es posible sostener una experiencia consistente ni garantizar resultados.<\/strong><\/p>\n\n\n\n<p>\ud83d\udce9 <a href=\"https:\/\/forms.gle\/gCPJYRd9ebnWJN2C7\" data-type=\"link\" data-id=\"https:\/\/forms.gle\/gCPJYRd9ebnWJN2C7\">Contacto por formulario.<\/a><\/p>\n\n\n\n<p><\/p>\n","protected":false},"excerpt":{"rendered":"<p>Consultor\u00eda en DesignOps &#8211; Diagnosticar. Estructurar. Ejecutar la operaci\u00f3n sin aumentar equipo. Analizo la operaci\u00f3n desde el espacio y la [&hellip;]<\/p>\n","protected":false},"author":1,"featured_media":0,"parent":0,"menu_order":0,"comment_status":"closed","ping_status":"closed","template":"","meta":{"site-sidebar-layout":"default","site-content-layout":"","ast-site-content-layout":"default","site-content-style":"default","site-sidebar-style":"default","ast-global-header-display":"","ast-banner-title-visibility":"","ast-main-header-display":"","ast-hfb-above-header-display":"","ast-hfb-below-header-display":"","ast-hfb-mobile-header-display":"","site-post-title":"","ast-breadcrumbs-content":"","ast-featured-img":"","footer-sml-layout":"","ast-disable-related-posts":"","theme-transparent-header-meta":"","adv-header-id-meta":"","stick-header-meta":"","header-above-stick-meta":"","header-main-stick-meta":"","header-below-stick-meta":"","astra-migrate-meta-layouts":"set","ast-page-background-enabled":"default","ast-page-background-meta":{"desktop":{"background-color":"var(--ast-global-color-4)","background-image":"","background-repeat":"repeat","background-position":"center center","background-size":"auto","background-attachment":"scroll","background-type":"","background-media":"","overlay-type":"","overlay-color":"","overlay-opacity":"","overlay-gradient":""},"tablet":{"background-color":"","background-image":"","background-repeat":"repeat","background-position":"center center","background-size":"auto","background-attachment":"scroll","background-type":"","background-media":"","overlay-type":"","overlay-color":"","overlay-opacity":"","overlay-gradient":""},"mobile":{"background-color":"","background-image":"","background-repeat":"repeat","background-position":"center center","background-size":"auto","background-attachment":"scroll","background-type":"","background-media":"","overlay-type":"","overlay-color":"","overlay-opacity":"","overlay-gradient":""}},"ast-content-background-meta":{"desktop":{"background-color":"var(--ast-global-color-5)","background-image":"","background-repeat":"repeat","background-position":"center center","background-size":"auto","background-attachment":"scroll","background-type":"","background-media":"","overlay-type":"","overlay-color":"","overlay-opacity":"","overlay-gradient":""},"tablet":{"background-color":"var(--ast-global-color-5)","background-image":"","background-repeat":"repeat","background-position":"center center","background-size":"auto","background-attachment":"scroll","background-type":"","background-media":"","overlay-type":"","overlay-color":"","overlay-opacity":"","overlay-gradient":""},"mobile":{"background-color":"var(--ast-global-color-5)","background-image":"","background-repeat":"repeat","background-position":"center center","background-size":"auto","background-attachment":"scroll","background-type":"","background-media":"","overlay-type":"","overlay-color":"","overlay-opacity":"","overlay-gradient":""}},"footnotes":""},"class_list":["post-1376","page","type-page","status-publish","hentry"],"_links":{"self":[{"href":"https:\/\/businessdecor.es\/index.php?rest_route=\/wp\/v2\/pages\/1376","targetHints":{"allow":["GET"]}}],"collection":[{"href":"https:\/\/businessdecor.es\/index.php?rest_route=\/wp\/v2\/pages"}],"about":[{"href":"https:\/\/businessdecor.es\/index.php?rest_route=\/wp\/v2\/types\/page"}],"author":[{"embeddable":true,"href":"https:\/\/businessdecor.es\/index.php?rest_route=\/wp\/v2\/users\/1"}],"replies":[{"embeddable":true,"href":"https:\/\/businessdecor.es\/index.php?rest_route=%2Fwp%2Fv2%2Fcomments&post=1376"}],"version-history":[{"count":23,"href":"https:\/\/businessdecor.es\/index.php?rest_route=\/wp\/v2\/pages\/1376\/revisions"}],"predecessor-version":[{"id":1659,"href":"https:\/\/businessdecor.es\/index.php?rest_route=\/wp\/v2\/pages\/1376\/revisions\/1659"}],"wp:attachment":[{"href":"https:\/\/businessdecor.es\/index.php?rest_route=%2Fwp%2Fv2%2Fmedia&parent=1376"}],"curies":[{"name":"wp","href":"https:\/\/api.w.org\/{rel}","templated":true}]}}